*n**2 + n - 4. Let s(h) = -h + 9. Let g be s(13). Let z be q(g). Calculate the greatest common factor of z and 264.
24
Suppose -2*b - 5*n + 2319 = 0, 0 = 3*b - 0*b + 2*n - 3451. What is the highest common divisor of b and 37?
37
Suppose x = -0*x - 3*m + 327, -2*m + 1338 = 4*x. Suppose -3*y - 5*r = -26, y = 2*y + 3*r - 14. Let s = 44 - y. Calculate the highest common divisor of s and x.
42
Suppose 11*y - 42 = 14*y. Let w be -7*(16/y - 1). What is the highest common factor of 45 and w?
15
Let v be 0 - 0 - (1 - 34). Let y be (-8)/(-20)*-1 - 17355/(-75). What is the highest common factor of y and v?
33
Let g = -253 - -266. What is the highest common divisor of 234 and g?
13
Suppose -10*o + 114 = -11*o. Let p be 2/5 - o/15. Suppose 1 = 2*u + 2*u + 5*b, u - 3*b = 13. What is the greatest common factor of p and u?
4
Let v be (8/6)/(1/3). Suppose -3*o + 12 = 5*y - 19, 32 = 3*o + v*y. Suppose -p - 2 = -w, p - 3 = -w + 3. What is the greatest common factor of o and w?
4
Suppose 3*v + g - 32 = 0, v + 8*g = 3*g - 8. Suppose v*t - 408 = -5*t. Suppose -7*y + 2*y = -840. What is the greatest common factor of y and t?
24
Let j be (3 + 39/4)*(-96)/(-36). What is the highest common factor of 2 and j?
2
Let n = -59 - -59. Suppose n = 55*g - 49*g - 1152. Calculate the greatest common divisor of 24 and g.
24
Suppose -4*k - 4*y = -6*k - 2, k = y + 1. Suppose -k*x = -5*x + 66. Suppose 249 = 7*z + 18. What is the greatest common factor of x and z?
33
Let c(t) = -t + 3. Let h be c(3). Suppose h*j + 30 = 5*j. Let y be -2 + 7 + (-2 - -1). Calculate the highest common divisor of y and j.
2
Let w be 5/((-15)/(-2))*768. What is the greatest common divisor of w and 128?
128
Suppose -2*i - 44 = -6*i. Let z be (-27 - -26)/(1/(-1)). What is the highest common divisor of z and i?
1
Let z(d) = -2*d**3 - 25*d**2 + 28*d - 11. Let r be z(-14). What is the greatest common divisor of r and 37?
37
Suppose 0 = 5*w - 0*w - 115. Let u be 23/((-4)/(-36) + 0). Calculate the highest common factor of w and u.
23
Let i = -468 - -475. Let c be (-16 - (-3 + 1))*-4. What is the highest common divisor of c and i?
7
Let d = -96 - -243. What is the highest common divisor of d and 21?
21
Suppose -20 + 11 = -q. Let d = 13 - q. Suppose -d*w = w - 165. What is the highest common factor of 11 and w?
11
Suppose -23*i = -22*i - 82. Suppose -3*y + 3*s = -537, 5*s = -3*y + i + 431. Calculate the greatest common factor of 16 and y.
16
Suppose -2*z + 102 + 28 = 0. Let n be (-30)/(-25)*20/6. Suppose -p + 4*q + 13 = 0, -n*q + 14 = p + 1. Calculate the greatest common factor of p and z.
13
Let g be (-149)/(-2) + 2/4. What is the highest common factor of g and 3?
3
Suppose 18*f = 21*f + 3*x - 78, 16 = -4*x. What is the greatest common factor of f and 70?
10
Let o = 367 + -244. What is the greatest common divisor of 3 and o?
3
Let x be -1 - 7 - 2121/(-101). Suppose 0*g = -g + 39. Calculate the greatest common divisor of g and x.
13
Suppose -4*f - f = -170. What is the highest common factor of f and 34?
34
Let n(q) = -q**3 - 12*q**2 + 11*q - 6. Let r = -3 + 0. Let k = -16 - r. Let p be n(k). What is the highest common divisor of p and 160?
20
Let v(m) = 2*m - 22. Let r be v(8). Let q be (-130)/(-3) + 8/r. What is the greatest common factor of q and 56?
14
Let i(u) = u**3 - 5*u**2 - u - 23. Let x be i(6). Calculate the highest common factor of 497 and x.
7
Let c(n) = -n**2 - 31*n - 24. Let t be c(-15). Calculate the highest common factor of t and 96.
24
Let t(d) = d**2 + d. Let v be t(-1). Suppose 8*h - 6*h - 156 = v. What is the greatest common factor of h and 195?
39
Suppose -80 = -8*j + 3*j. Let p be (-1 - -2) + (-7 - -3). Let z = 13 - p. Calculate the highest common factor of j and z.
16
Suppose -16*w + 837 = 15*w. Calculate the greatest common divisor of w and 18.
9
Let w be (-4)/((-92)/28 + 3). Let b be (-2 - w*-1) + 1. What is the greatest common factor of b and 13?
13
Let k = -45 - -232. What is the greatest common divisor of k and 68?
17
Suppose 19 + 6 = 5*m. Suppose -m*r + 10*r = 70. Calculate the highest common divisor of 28 and r.
14
Suppose -441*x = -440*x - 472. What is the highest common divisor of 59 and x?
59
Let w(z) = z**3 + 17*z**2 - 11*z + 14. Suppose 2*b = 4*b + 28. Let v be w(b). Suppose q + v = 5*q. Calculate the highest common factor of q and 21.
21
Let z(j) = 10*j + 6. Let p(w) = w + 1. Let u(g) = -6*p(g) + z(g). Let r be u(5). What is the highest common divisor of r and 8?
4
Suppose -3*z = 6*p - p - 1744, -3*p - 1169 = -2*z. Calculate the highest common divisor of 53 and z.
53
Suppose -3*s - 15 = 0, s + 5 = -5*x - 0*x. Suppose h - 1 = -5*p - x, -h - p + 9 = 0. Suppose -h = -6*i + 5*i. What is the greatest common factor of i and 22?
11
Suppose -6 = -4*r + 2. Let t be 10 + (84/(-45) - (-6)/(-45)). Calculate the greatest common divisor of r and t.
2
Let g(o) = -o**2 - 7*o - 4. Let u be g(-5). Suppose u*a - 333 = -3*a. Calculate the greatest common divisor of 37 and a.
37
Let t be 2/((-12)/45)*-56. Suppose -5*u + t = -u. Let d = -37 - -52. What is the highest common factor of u and d?
15
Let w be (1/2)/(4/72). Let q = w + -3. Let t be (5 - 3)/(q/27). Calculate the highest common divisor of t and 36.
9
Suppose -o + 11 = 3. Suppose o*z = 3*z + 330. Let f(u) = u + 6. Let b be f(0). Calculate the greatest common divisor of z and b.
6
Let b(j) = 11*j - 5. Let r(z) = -1. Let u(c) = -b(c) + 4*r(c). Let f be u(-2). What is the highest common divisor of 23 and f?
23
Suppose y - 5*v - 35 = 0, 23 = 2*y + 5*v - 62. Let b = 18 + -15. Suppose 3*p + d = 25, b*p + 2*d - 20 = -0*p. What is the greatest common factor of y and p?
10
Suppose -4*n = -3*d + 17, -2*d + 6*n = n - 16. What is the greatest common divisor of 9 and d?
3
Let o = 218 - 137. Let l = -26 + o. Calculate the greatest common divisor of l and 11.
11
Let n be (-150)/(-105)*(-42)/(-3). What is the highest common factor of n and 5?
5
Suppose a - 14 = -3*d + 8, -3*a = 5*d - 46. Let z = -618 - -639. Calculate the greatest common divisor of a and z.
7
Suppose -58*a + 57*a + 48 = 0. What is the greatest common factor of a and 112?
16
Let l = -7 - -11. Suppose -l*o + 8 = -8. Let g(a) = 3*a**3 - 5*a**2 + 6*a - 14. Let v be g(3). What is the greatest common divisor of o and v?
4
Let b(k) = k**3 + 5*k**2 - 2*k. Let q be b(3). What is the greatest common factor of q and 165?
33
Suppose -3*a - 47 = -158. Suppose 2*b = 4*s - 87 - a, -b = 2*s - 58. Calculate the greatest common factor of 10 and s.
10
Let d = 4042 - 3882. Let u be (10/(-8))/((-2)/40). Let j = u - 5. What is the highest common factor of d and j?
20
Let y(z) = -z**2 - 7*z + 8. Let a be y(14). Let s = 478 + a. What is the greatest common factor of s and 24?
24
Let a(t) = t + 3. Let p(f) = -1. Let g(m) = -a(m) - 2*p(m). Let b be g(1). Let r be (-12 - (-4 - -4))/b. What is the greatest common factor of r and 6?
6
Suppose -2*a - 2*t - 20 = 0, 2*t - 3*t + 4 = 0. Let f = 56 - a. What is the greatest common divisor of 10 and f?
10
Suppose -3*w = 2*w - 260. Suppose -4*p + 0*p + 4*o = -w, -o = -2*p + 28. Suppose -18 + 111 = 31*u. What is the greatest common divisor of p and u?
3
Let d = 225 - 120. Suppose -507 = -2*r + d. Calculate the highest common factor of r and 34.
34
Suppose 27 = 3*u - 3*m, -5*u + 56*m = 52*m - 40. What is the greatest common factor of 81 and u?
1
Let q = -12 + 23. Let d be (-2275)/(-21) + (-1)/3. Suppose -d + 163 = 5*n. Calculate the highest common factor of n and q.
11
Let m = 1 + 7. Let c = -6 + m. Suppose -76*a + 17 = -59*a. Calculate the highest common factor of c and a.
1
Suppose 3*i = -3*m + 446 + 331, -2*m = -6. Calculate the highest common factor of i and 24.
8
Let j be (1 - 1) + (-378)/(-9). Let y = 83 + -77. Calculate the highest common factor of j and y.
6
Let z(d) = 2*d**2 - d. Let g be z(3). Let y = 1 - -11. Let r = 27 - y. What is the greatest common factor of r and g?
15
Let t = -2 - -15. What is the highest common divisor of 1 and t?
1
Let f = 1 + 64. Let x = -10 + f. What is the highest common divisor of x and 11?
11
Let n = -49 + 99. Let k = -55 + 58. Suppose -7*z + k*z + 40 = 0. Calculate the highest common divisor of n and z.
10
Suppose 0 = -m - 2*m - 4*s + 64, -3*s - 57 = -3*m. Let h be -162 - (1 - 1)/3. Let o = 262 + h. Calculate the highest common diviso